131
What is the highest common divisor of 33117 and 11781?
21
What is the highest common factor of 14532 and 349806?
1038
What is the greatest common divisor of 138564 and 5020379?
1283
What is the greatest common factor of 108 and 17116002?
54
Calculate the greatest common factor of 10028 and 2837188.
92
Calculate the highest common divisor of 1820189 and 221368.
469
What is the highest common divisor of 21 and 17580?
3
Calculate the greatest common divisor of 10355931 and 36.
9
Calculate the greatest common factor of 6509422 and 142.
142
Calculate the highest common divisor of 343210546 and 21.
7
Calculate the highest common divisor of 222 and 35347580.
74
Calculate the highest common divisor of 1215 and 59636088.
243
What is the highest common divisor of 28714550 and 75?
25
Calculate the highest common divisor of 42179788 and 83300.
3332
Calculate the greatest common divisor of 2790464 and 78824.
472
Calculate the greatest common factor of 12428192 and 230279.
3437
Calculate the greatest common divisor of 184590 and 33390.
630
Calculate the greatest common divisor of 1622242 and 2210.
34
Calculate the greatest common factor of 18810 and 189772.
418
Calculate the greatest common divisor of 1769 and 11835037.
61
What is the highest common divisor of 1077739 and 416?
13
What is the highest common factor of 780 and 5509245?
15
What is the greatest common factor of 11217751 and 1302941?
5191
What is the greatest common factor of 1541014 and 361?
19
Calculate the highest common factor of 22496 and 11610748.
2812
What is the highest common factor of 330 and 7338430?
110
Calculate the highest common factor of 35 and 10452825.
5
Calculate the highest common factor of 50337903 and 231.
231
Calculate the highest common factor of 141519826 and 238.
14
What is the highest common divisor of 13916 and 2667896?
1988
Calculate the greatest common factor of 366 and 28956.
6
Calculate the greatest common factor of 156640 and 792.
88
Calculate the greatest common divisor of 6547942 and 171328.
5354
What is the highest common divisor of 4172190 and 770?
110
Calculate the highest common divisor of 1297208 and 8206.
22
What is the greatest common divisor of 2870012 and 22780?
268
What is the highest common divisor of 28 and 307806156?
28
Calculate the highest common factor of 251625152 and 138.
46
Calculate the greatest common divisor of 4861226 and 1444.
722
What is the highest common divisor of 7069537 and 1068?
89
Calculate the highest common factor of 32289367 and 1133.
1133
Calculate the highest common factor of 7467432 and 588.
84
What is the greatest common factor of 8057152 and 8?
8
What is the greatest common divisor of 291607 and 1979472?
163
Calculate the highest common factor of 57 and 388588.
19
What is the highest common factor of 2524228 and 26?
2
What is the highest common divisor of 59917738 and 183?
61
Calculate the greatest common divisor of 480935 and 6812365.
5285
What is the highest common factor of 41225 and 63325?
425
Calculate the highest common factor of 31707 and 236897631.
2439
What is the greatest common divisor of 8478 and 1587978?
54
What is the highest common divisor of 383556 and 188?
4
Calculate the greatest common factor of 25 and 1102174125.
25
Calculate the highest common factor of 140510993 and 469.
469
What is the highest common divisor of 2411736 and 20922?
1902
Calculate the greatest common factor of 748772 and 20.
4
What is the highest common factor of 25 and 1341480?
5
What is the greatest common factor of 18710398 and 28?
14
Calculate the highest common factor of 286646 and 452918.
866
Calculate the highest common factor of 308 and 280518216.
44
Calculate the greatest common divisor of 39378991 and 909.
101
What is the greatest common divisor of 171813900 and 12750?
2550
What is the highest common divisor of 4252725 and 1660500?
9225
Calculate the highest common divisor of 4104 and 13274901.
513
What is the highest common factor of 7893530 and 36890?
310
What is the highest common divisor of 1085 and 3822207?
31
What is the highest common factor of 71575 and 310?
5
What is the highest common divisor of 7087 and 15301137?
19
Calculate the highest common factor of 451 and 1210033.
451
What is the greatest common divisor of 192 and 3601428?
12
What is the greatest common factor of 402742 and 338278?
158
Calculate the highest common factor of 42 and 45981278.
14
What is the highest common factor of 411 and 121793?
137
What is the highest common divisor of 2063754 and 33330?
66
Calculate the highest common factor of 13824 and 11706714.
54
Calculate the highest common divisor of 11121132 and 93504.
5844
Calculate the highest common factor of 2892 and 109908.
12
What is the highest common divisor of 21603 and 28443?
57
Calculate the greatest common divisor of 492800 and 35440.
80
Calculate the greatest common divisor of 119540 and 117605.
215
Calculate the greatest common factor of 1274 and 40348126.
182
Calculate the greatest common factor of 465704640 and 990.
90
Calculate the highest common divisor of 11324474 and 8.
2
What is the highest common divisor of 8020734 and 70374?
1902
Calculate the greatest common factor of 61016688 and 576.
144
What is the highest common factor of 4610963 and 410704?
1351
What is the highest common factor of 1851039 and 4765338?
4833
Calculate the greatest common divisor of 2770512 and 512.
16
What is the greatest common factor of 7944763 and 92293?
1513
Calculate the greatest common factor of 224 and 557354.
14
Calculate the greatest common factor of 97 and 2199730789.
97
What is the highest common factor of 31450 and 254915?
85
What is the highest common factor of 112695418 and 293?
293
Calculate the greatest common factor of 56972 and 3758.
2
What is the greatest common factor of 808 and 2824667?
101
Calculate the greatest common factor of 5571 and 2903729.
619
Calculate the highest common factor of 5103 and 175410522.
5103
What is the greatest common factor of 233615311 and 601?
601
Calculate the greatest common divisor of 104346 and 1177.
11
What is the greatest common divisor of 14570 and 1662995?
155
Calculate the highest common divisor of 25736797 and 7819.
1117
What is the greatest common factor of 38 and 212179365?
19
What is the greatest common divisor of 700 and 5521850?
50
What is the highest common factor of 16680881 and 271943?
5131
What is the greatest common factor of 2135 and 671345?
5
Calculate the greatest common factor of 7808 and 68872416.
1952
What is the highest common divisor of 94990491 and 12?
3
What is the highest common factor of 1332 and 4183516?
148
What is the highest common divisor of 272302195 and 11?
11
Calculate the greatest common divisor of 54984 and 65256844.
9164
What is the highest common divisor of 223048 and 225988?
196
What is the highest common factor of 3021659 and 164?
41
Calculate the greatest common factor of 195 and 2979665.
65
Calculate the highest common divisor of 38481 and 5201412.
381
What is the greatest common factor of 2503412 and 828?
92
What is the greatest common divisor of 6591 and 123091319?
2197
What is the greatest common divisor of 8254024 and 24?
8
Calculate the greatest common divisor of 32 and 8802608.
16
Calculate the greatest common divisor of 20927763 and 96111.
1629
What is the highest common factor of 1535 and 10075433?
307
What is the greatest common divisor of 705399928 and 152?
152
Calculate the highest common divisor of 312016 and 1200.
16
What is the greatest common factor of 7872 and 24741?
3
Calculate the greatest common factor of 324 and 423302760.
324
What is the highest common divisor of 446200 and 5524600?
4600
What is the highest common divisor of 955 and 611673107?
191
Calculate the highest common factor of 1482340 and 502105.
685
What is the highest common factor of 3430100 and 40?
20
What is the highest common divisor of 10296 and 46401264?
936
Calculate the highest common factor of 2405676 and 840.
84
Calculate the greatest common factor of 192 and 5575728.
48
Calculate the greatest common factor of 725805 and 317500.
635
What is the greatest common divisor of 15639 and 10490561?
401
What is the greatest common factor of 111076 and 7868?
28
What is the highest common divisor of 672749 and 65087?
11
Wh